 + 4*b - 4*i = 196, 4*b - 5*i = 383. Suppose -549 = -a - 2*a. Let u = a - b. Is u a prime number?
False
Let k be (-1 - 0)*-2 - -1. Let h = -1 + k. Suppose 4*q - 125 = -3*o, h*q - q - 40 = o. Is q a composite number?
True
Suppose 4*w - 574 - 1493 = -j, 1554 = 3*w - 3*j. Is w a composite number?
True
Suppose -5*i + 1804 = 2*p, -i = -4*p + 3*p + 909. Is p composite?
False
Suppose -4*k - 5*n = -353, 2*n - 2 = -0. Is k a composite number?
True
Let m be (-2)/(-4) + 92/(-8). Let k = 30 + m. Is k a prime number?
True
Suppose 0 = -5*a - 5*u, 0*a - 2*u - 6 = -a. Suppose 0*p - 4*p = n, -3*n = -2*p. Suppose -18 = -a*b - n*b + c, 4*b - 5*c = 24. Is b a composite number?
False
Let b(m) = 1764*m**2 - 1. Is b(1) composite?
True
Suppose 5*a = 16 + 4. Suppose 0 = -2*w - 3*l + 509, 0 = 4*l - a - 0. Is w composite?
True
Let n(w) = 3*w**3 - 4*w**2 + 2*w + 2. Let z be n(2). Suppose z = h + 4. Let v(f) = -f + 24. Is v(h) composite?
True
Suppose 0 = -5*f - 11 - 14. Let g(t) = t**3 + 10*t**2 + 2*t + 6. Is g(f) composite?
True
Let q = 5908 - 2761. Is q a composite number?
True
Let s = 441 + -274. Is s a composite number?
False
Let y be ((-9)/15)/((-3)/15). Suppose 2*j = -y*j. Let r = j - -2. Is r prime?
True
Let g(a) = 4*a + 17. Let i(c) = -3*c**3 - 2*c**2 - 1. Let h be i(-2). Is g(h) prime?
False
Suppose -62 = -n + c + c, 0 = c + 1. Suppose 4*y - n = 88. Is y composite?
False
Suppose w = 2*w. Suppose -3*t + 0*t + 489 = w. Is t a prime number?
True
Let y(v) = -4*v - 3. Let z be y(3). Let d = 21 + z. Is 237/12*(d - 2) a composite number?
False
Suppose a - 4*m - 2145 = 0, -m + 2152 = a + 2*m. Is a a composite number?
True
Let t(j) = 15*j**2 + 2*j - 7. Let p be t(5). Suppose -5*k + p = -17. Is k prime?
True
Let f(p) = 43*p - 4. Is f(2) a prime number?
False
Is (2 - (-1796)/4) + -2 prime?
True
Let k be (-17 - -3)*2/4. Let p be k/9 - (-2)/(-9). Let w(v) = -20*v**3 - 2*v**2 + 1. Is w(p) prime?
True
Let z(v) = v**2 - v. Let n(s) = 2*s**2 - 3*s + 2. Let u(c) = n(c) + 3*z(c). Is u(-5) a composite number?
False
Let t(v) = -8*v**3 - v**2 + v + 1. Suppose 2*s - 11 = k, k - s = -0*k - 6. Is t(k) a composite number?
False
Suppose -2*r = -4*z - 8, -2*z + r - 5*r = -6. Is (-230)/(-2) - (-1 - z) a composite number?
True
Let l(p) be the second derivative of -p**5/20 + p**4/12 - p**3/6 - 2*p**2 - 4*p. Is l(-3) composite?
True
Suppose 4*a - 20 = -2*c, -4*c + 2 = -a + 7. Suppose -a*v + 14 + 1 = 0. Suppose 5*i + 4*n - 91 = 0, 4*n - 56 = -v*i + 5. Is i composite?
True
Suppose -n - 1 = -4. Suppose -176 = -4*k - 4*i, -k - i = n*k - 191. Is k a prime number?
False
Let p(j) = 3*j + 5. Let a be p(4). Let g = 10 - a. Let u = g + 21. Is u a prime number?
False
Suppose 5*m + 1133 = 2*u, 3*u = 4*u - 2*m - 569. Let g = u + -250. Is g composite?
True
Is 15/(-6)*(-4634)/5 composite?
True
Let a(s) = 15*s**2 - 3*s - 11. Is a(-7) prime?
False
Let o be (3 - 2)*4/2. Let n be (-3)/o*12/(-9). Suppose -5*f - 3*a = n*a - 50, a = -2*f + 21. Is f prime?
True
Let s(a) = a**2 + 6*a + 1. Is s(10) a prime number?
False
Let z be (-1)/(-2) - 21/2. Let w = z - -16. Is -2*(255/w)/(-1) prime?
False
Let k be (-1)/(13/7 + -2). Suppose -3*z - 5 + 26 = 0. Suppose 5*i = -2*d - k, -5*d + 2*i = z*i - 5. Is d a composite number?
True
Let f(h) = h**2 - h + 4. Let u be f(0). Is u/(-10) - (-727)/5 a prime number?
False
Let l = -88 + -78. Let c = l - -299. Is c a prime number?
False
Let o(v) = -v**3 - 12*v**2 + 13*v - 15. Let u be o(-13). Let r = -6 - u. Is r composite?
True
Let a be 2/4*(-16 - 4). Let l be (a/(-3))/(4/6). Suppose -4*q + 165 = 5*n - 0*n, -q - l = 0. Is n a prime number?
True
Suppose -6*f = -11*f + 10. Suppose 2*s + 0 - f = 0, 5*o = s + 1964. Is o composite?
True
Let n = -5 - -5. Suppose -3*h = -n*h - 18. Is (-93)/h*(-1 - 1) prime?
True
Suppose 0 = g - 3*o - 302 - 66, 3*o = -g + 398. Is g composite?
False
Let p(r) = r**3 - 39*r**2 + 46*r + 7. Is p(39) prime?
True
Suppose 2*m - 319 = 39. Is m a composite number?
False
Let b be (-1184 + -4 - 1)/1. Let y = b - -1678. Is y prime?
False
Let w = 9 - 7. Suppose w*n + 0*n - 3*x = 283, -5*x = 5*n - 770. Is n a composite number?
False
Suppose 0 = 2*s - 3 - 1, -4*a = 5*s - 2546. Is a composite?
True
Suppose -4511 = 9*n - 21260. Is n composite?
False
Let t(g) = -g**3 + 5*g - 5. Is t(-7) a composite number?
True
Suppose 2*q = q. Suppose q = 2*b + 2*k - 76, 5*b + 0*b + 3*k = 184. Is b a prime number?
False
Let b = 885 + -514. Is b composite?
True
Let j(a) = -3*a + 1. Let f(n) = -4*n + 1. Let p(k) = 5*f(k) - 7*j(k). Let y be p(5). Suppose y*g = g + 6. Is g composite?
False
Suppose 9*x = 7*x + 110. Suppose l - x = 182. Is l a composite number?
True
Suppose -2*p + p + 3*c = 7, 0 = 5*p - 2*c + 9. Is (3*p)/((-5)/65) a composite number?
True
Let h(g) = 20*g**3 - 3*g**2 - 20*g + 111. Let b(q) = 7*q**3 - q**2 - 7*q + 37. Let f(m) = -17*b(m) + 6*h(m). Is f(0) prime?
True
Let b(z) = -z**2 - 7*z - 25. Let y be b(-10). Let k = y - -117. Is k prime?
False
Let z(b) = 2*b - 14. Let n be z(10). Let q = 10 - n. Suppose q*j - 5*j + 21 = 0. Is j a composite number?
True
Let n(z) = -25*z - 32*z - 9*z + 14*z + 9. Is n(-5) composite?
False
Let j be (-32)/(-10) - (-2)/(-10). Suppose -11 = -5*k - j*u + u, -k - 3*u = 3. Suppose v = -k*v + 364. Is v a prime number?
False
Is -6185*(1/(-2))/((-16)/(-32)) prime?
False
Suppose 4*f - 5 = 5*f. Let a(p) = 8*p**2 + 3*p + 0*p**2 + p**3 + 0*p**3 - 7. Is a(f) a composite number?
False
Suppose 7*a - 2*a - 25 = 0. Suppose f - 3*f - 12 = -3*j, -3*j = a*f - 12. Suppose u + u - 106 = f. Is u composite?
False
Suppose -8*s + 3678 = 454. Is s composite?
True
Suppose 0 = -3*h + 4*h. Suppose -o = -c + 10, h*o - 5*o = -c - 10. Is c composite?
True
Is -7*(-4)/14 - -127 prime?
False
Let k(r) = 4*r**2 + 9*r - 2. Let j be k(-5). Is 1 - 2 - j*-4 composite?
False
Is -2*(-1)/9 + 18482/18 a composite number?
True
Let k(y) = -y**2 - 3*y + 1. Suppose i + 4*i + 27 = -3*b, -3*i - 5*b - 29 = 0. Let z be k(i). Let m(f) = 37*f**3. Is m(z) a prime number?
True
Let b = 2098 - 1011. Is b composite?
False
Let m = 388 + 402. Let a = m - 301. Is a a prime number?
False
Let t(j) = j**2 - 4*j + 2. Suppose i = -0*i + 4. Let d be t(i). Is d + (16 - (3 - 6)) composite?
True
Let g(f) be the third derivative of -f**6/120 - f**5/20 + f**4/24 - f**2. Let v be g(-2). Is ((-615)/v)/(1/2) a prime number?
False
Suppose 2 + 3 = u. Suppose 3*r + 3880 = -5*v - 0*r, -r - 3890 = u*v. Is v/(-3) + (-2)/3 composite?
True
Suppose 45 = -2*r + 331. Let v = r + -84. Is v a composite number?
False
Suppose 156 = 2*x + 880. Let i = 615 + x. Is i a composite number?
True
Is (-3 + 4)*139 - -2 a composite number?
True
Let h = -4460 + 10209. Is h composite?
False
Suppose -5*c = -3*j + 257, -4*c + 112 - 15 = j. Is j a composite number?
False
Let i = 0 + 4. Suppose -2*x + i*l + 3 = -x, -3*l + 24 = 3*x. Is x/2*(0 - -2) composite?
False
Let j(s) = -5 - 3*s**3 + 7*s**2 - 5*s - 2 + 4*s**3. Suppose 6*i = 3*i - 18. Is j(i) a composite number?
False
Let b(j) = 482*j**2 - 4*j + 3. Is b(2) prime?
False
Suppose d + 2472 = -2*d. Let j = -357 - d. Is j prime?
True
Let s(y) = 17*y**3 - y**2 + 2*y - 1. Let g be s(1). Suppose 4*p - 827 = g. Is p composite?
False
Let n(j) = j**3 - 1. Let w(x) = -3*x**3 + 12*x**2 - 12*x + 15. Let m(d) = 4*n(d) + w(d). Is m(-12) composite?
True
Is (-575)/(-3) + 1/((-12)/8) a composite number?
False
Let s(t) = 6*t + 5. Let p(g) = -g - 1. Let r(m) = 34*p(m) + 6*s(m). Let u = 41 - 32. Is r(u) a composite number?
True
Let x be (4/8)/((-2)/(-788)). Let c be 1/(-2) - 402/(-4). Let b = x - c. Is b composite?
False
Suppose 0 = -4*o - 4*k - 3084, -4*o + o + 4*k = 2278. Let t = -371 - o. Is t prime?
False
Suppose -f = 0, 0 = 4*v + f - 3*f - 8. Let m(h) = 26*h - 5. Is m(v) a prime number?
True
Let y = 583 - -198. Is y prime?
False
Is -1*4/(12/(-3651)) a composite number?
False
Is 1/(-6)*-3 + 1458/12 a composite number?
True
Let r(o) = -o**2 + 7*o + 7. Let z be r(8). Let q(x) = -79*x**3 - 3*x**2 + 3. Let g(k) = 316*k**3 + 13*k**2 - 13. Let d(y) = 2*g(y) + 9*q(y). Is d(z) prime?
True
Let l = 37 + -18. Let k be (6/(-4))/(3/(-4)). Suppose -k*t + l = -43. Is t prime?
True
Let y(i) = 23*i**3 - i**2 - i + 7. Is y(2) a composite number?
True
Suppose f - o - 1485 = 0, 765 + 712 = f + 3*o. Suppose -v + 379 = 4*s, 4*v - s + 6*s = f. I